
Let q(c) = c**3 - 5*c**2 + 3*c + 5. Let m be q(4). Suppose 4*b - 5 = -1. What is the units digit of m + (-1)/b - -13?
3
Let j(f) = f**3 - 5*f**2 - 7*f + 9. Let u be j(6). Suppose -u*w = -4*w - 11. Let p = 21 + w. What is the units digit of p?
0
Let d(w) = 2*w**2 + w + 2. Let t be d(-3). Let l = t - 11. What is the units digit of l?
6
Suppose a + 4 = 3*a. Let s = a - -3. What is the units digit of s?
5
Let p = 21 - 15. Suppose -3*g + q = 50, -4*g - 65 = -p*q + 3*q. Let o = -11 - g. What is the units digit of o?
6
Let j be -3*17 + (-5 - -3). Let a = -29 - j. What is the tens digit of a?
2
Let h be -2 + (5 - (1 + -3)). Suppose -4*q - 1 + 17 = 0, -h*q + 25 = 5*r. What is the units digit of r?
1
Suppose 0*j + 5*j - 35 = 0. Let t(x) = 3*x - 7. Let f be t(j). Suppose 3*z + l = f + 9, -5 = 5*l. What is the units digit of z?
8
Let y be 336/15 - (-6)/(-15). Suppose 4*c + 0*c = 3*i - 26, 2*c + y = 3*i. What is the units digit of i?
6
Let l(s) = -3*s - 3. Let u be 70/(-15) - (-4)/6. Let p be l(u). Suppose 0 = -i + p - 3. What is the units digit of i?
6
Let v = 51 - 10. What is the tens digit of v?
4
What is the tens digit of 2/3 + (-1183)/(-39)?
3
Let f be (-1 - -1)/(-2 + 5). Suppose 6*h + 26 = j + 2*h, -h + 2 = f. What is the tens digit of j?
3
Let p = 1 - -2. Suppose p = -2*l + 9. Suppose 5*f - 5 = 0, 4*m + 2*f - 77 = -l*f. What is the tens digit of m?
1
Let q = 285 + -160. What is the tens digit of q?
2
Suppose -20 - 26 = -2*k. What is the units digit of k?
3
Suppose 3*t - 55 = 20. What is the tens digit of t?
2
Suppose t = -4*t + 270. What is the units digit of t?
4
Let i = -8 + -6. Let a(h) = -h + 18. What is the tens digit of a(i)?
3
Let a be 5/5 + 15 + -1. Let l = a + 0. What is the units digit of l?
5
Let p(v) = 2*v**3 - 3*v + 3. What is the tens digit of p(2)?
1
Let u = 31 - 20. What is the tens digit of u?
1
Let j(t) = -2*t + 1. Let v be j(-4). Let m be (0 + -1 - -2) + -1. Suppose 0 = 3*d - u - 5, m = -d + 8*u - 4*u + v. What is the units digit of d?
1
Suppose -2*y - 4*g + 5 = -3*y, 91 = -5*y - 2*g. Let s = -8 - y. What is the units digit of s?
9
Suppose n - 16 = -3*n. Let f be 1/n - (-38)/8. Suppose 31 = f*h - 34. What is the units digit of h?
3
Suppose -2*m - 3*r + 2*r - 12 = 0, 12 = -m - 2*r. Let v be ((-6)/m)/(5/10). Let z = v + 0. What is the units digit of z?
3
Let t = -211 - -59. What is the tens digit of t/(-4) - 2 - 0?
3
Let o = -3 - -4. Let g = o + -4. What is the units digit of 1/g - 124/(-12)?
0
Let c(y) = 4*y + 21. What is the units digit of c(9)?
7
Suppose -2*k = -15 - 29. Let n = 8 + k. What is the units digit of -5*-2*21/n?
7
What is the tens digit of ((-30)/9 - 3/(-9))*-77?
3
Suppose 3*b - 102 = i, 4*b - 3*b - 26 = 3*i. What is the units digit of b?
5
What is the units digit of (14 - (5 - 2)) + -3?
8
Let g(i) = 4*i**2 + 5*i + 15. What is the hundreds digit of g(-6)?
1
What is the units digit of (-4)/22 - (-32385)/187?
3
Let x = 9 + 3. What is the tens digit of x?
1
Let k(f) = -f**2 + f - 1. Let o(p) = p. Let q(d) = k(d) - 6*o(d). Let r be q(-3). Suppose 3*x - 27 = -r*t, -6*x + 2*x = 4*t - 28. What is the units digit of x?
4
Let l = 37 - -18. What is the tens digit of l?
5
Let n = 4 + -2. What is the tens digit of (n/3)/(2/57)?
1
Let u = 64 - 29. What is the units digit of u?
5
Suppose 2*u = 3*l - 946, -3*u = l - 0*l - 297. What is the units digit of l?
2
Suppose 2*v - 45 = -3*v. Suppose 3*b + s = -15, -3*b + 5*b + 21 = 3*s. Let p = b + v. What is the units digit of p?
3
Suppose -5*y - 3 = -23. Let z = -7 + 9. Suppose -c - 3*c + y*s = -32, 5*c = z*s + 40. What is the units digit of c?
8
Let x be -2 + (1 - -1*30). Let n = x - 16. What is the tens digit of n?
1
Suppose 34*y - 32*y - 310 = 0. What is the hundreds digit of y?
1
Suppose 4*w + 3 = 5*w + 3*m, 0 = w - m - 7. Let u be (-56)/(-12)*w/4. Let q(r) = r. What is the units digit of q(u)?
7
Let q(x) = 2*x + 4. What is the units digit of q(0)?
4
Let w(v) = -17*v**3 + 2*v**2 + v - 3. What is the tens digit of w(-2)?
3
Let c = 1 + -9. Let p(q) = q**3 + 10*q**2 + 13*q + 8. What is the tens digit of p(c)?
3
Let q(j) = -j + 7. Let z be q(9). Let d(w) = -12*w - 2. What is the units digit of d(z)?
2
Let g = 97 + -13. What is the units digit of g?
4
Let z(v) = 10*v**3 + v - 1. Let l be (-1 - 3)/((-2)/4). Suppose 2*h + 5*t = -l - 5, 3*h = -2*t - 3. What is the units digit of z(h)?
0
Let b(y) = 7*y**2 + 2. Let i be b(2). Suppose 3*s = -0*s + i. Let j = 14 - s. What is the units digit of j?
4
Let j be 7/(21/(-6))*15. What is the tens digit of (135/j)/((-2)/12)?
2
Let w(k) = -7*k + 3*k + 10*k - 7*k + 9. Let x be 1 + 2/2 - -3. What is the units digit of w(x)?
4
Let q(g) = 4*g - 6. What is the units digit of q(8)?
6
Let a = 11 + -9. Suppose -4*o = -o - 12. Let q = a + o. What is the units digit of q?
6
Suppose -36 = -5*f - 2*q, -2*f + 14 + 10 = 4*q. Suppose f*k = 5*k - 1. What is the units digit of (4 - 0)*(0 - k)?
4
Suppose 4*g = 4*j - 24, -5 = 4*g + 3. Suppose -2*z = o - 25, z = -j*z - 3*o + 65. What is the tens digit of z?
1
Suppose -200 = -4*w - 24. Let o = w - 28. What is the units digit of o?
6
Let q be 17 + (-1 - (2 + -2)). Suppose q = -3*l - 14. What is the units digit of -1*1/2*l?
5
Let l = 144 + -57. What is the units digit of l?
7
Let p(i) = 3*i**3 + 2*i**2 - 2*i + 1. Suppose -5*w + 6 - 1 = 0. What is the units digit of p(w)?
4
Suppose -y = 6*o - 3*o - 153, 12 = 4*y. What is the units digit of o?
0
Suppose 8*p - 5 = 13*p. What is the tens digit of -5*((-2 - 0) + p)?
1
Let k(u) = u**2 + 1. Let r(s) = 4*s**2 - 11*s + 10. Let b(v) = 3*k(v) - r(v). What is the units digit of b(10)?
3
Let m(n) = -n**2 - 6*n - 3. Suppose 0 = 3*x - x - 30. Suppose 5 = -5*q - x. What is the units digit of m(q)?
5
Let h(a) = -a**2 + a + 4. Let g(c) = c + 5 + 3 - 4 - 2*c**2. Let l(n) = -2*g(n) + 3*h(n). What is the units digit of l(-3)?
0
Let y = 2 + 0. Let r(m) = 9*m**2 - 4*m - 6. Let t(i) = -26*i**2 + 11*i + 17. Let f(g) = -17*r(g) - 6*t(g). What is the tens digit of f(y)?
1
Let a(p) = -p**3 + 7*p**2 + p - 1. Let t be a(7). Let r be (t/(-4) + 1)*-46. Suppose -3*j + r = -1. What is the units digit of j?
8
Suppose g + k - 2 = 0, 0 = 3*g - 2*k + 4*k - 3. Let b be 1 + (-2 - g - -3). Suppose f + 2*x = 3, -b*x + 7 = 16. What is the units digit of f?
9
Suppose -3*n = -h - 29 - 3, 0 = 3*n - 6. Let l = -13 - h. What is the tens digit of l?
1
Suppose -25*a + 31 = -24*a. What is the tens digit of a?
3
Let d(o) = 16*o - 27. What is the units digit of d(6)?
9
Let z = 0 - -4. Suppose -4*q + 8 = -6*i + 2*i, -z*q + 8 = -i. Suppose -4*u + 6 = -q. What is the units digit of u?
2
Let g(y) be the third derivative of 7/60*y**5 + 1/12*y**4 + y**2 + 0*y + 0 - 1/6*y**3. What is the units digit of g(1)?
8
Let r(c) = -c**2 + 10*c - 12. Let b be r(8). Suppose b*k - k - 16 = 4*t, -5*k = 4*t - 16. What is the units digit of (t/2)/(2/(-52))?
3
Let n be 0/(0 + 1) + 0. Suppose -2*w + n*w + 62 = 0. What is the units digit of w?
1
Let f = -66 - -113. What is the units digit of f?
7
Suppose p + 6 = -6. What is the tens digit of 4/p*-69*1?
2
Suppose -27 = 2*o - 5*o. Let z = 16 - o. What is the units digit of z?
7
Suppose z - 2*p - 6 = 3, -5*z - p = -34. Let k = 14 + z. What is the tens digit of k?
2
Let k(v) = -6*v**2 + v**3 + 6*v**2 + 3 + 7*v**2 - v. What is the units digit of k(-7)?
0
Let z(d) = d**2 + 4*d - 5. Let n be z(-6). Suppose n*i - 81 = 4*i. What is the tens digit of i?
2
Let t be 20/130 - (-427)/13. Suppose -2*p + 7 = -t. What is the units digit of p?
0
Suppose -1 = -3*u + 17. Suppose -4*x + 4*s + 8 = -16, -x + 2*s = -u. Suppose -5*g + 30 = -5*i, -i - 4 = -5*g + x*g. What is the units digit of g?
1
Let i(g) = 0*g**2 + 2 - 7*g + 3*g - g**2. Let c be i(-4). What is the units digit of (-4)/c + 25 + -5?
8
Let b(t) = 21*t - 1. What is the tens digit of b(3)?
6
Let c(i) = i**2 - 9*i - 5. Let o be 19 + 1/1 - -1. Let p = o - 11. What is the units digit of c(p)?
5
Let n(i) = 2*i + 16. What is the units digit of n(17)?
0
Let x(p) = -p - 2. Let t be x(-5). Suppose -2 = -b + 3*l, -23 = -b - l - t*l. What is the units digit of b?
1
Let r be (-2)/(2/32*2). Let u = 2 + 1. What is the units digit of (-4)/(-6) - r/u?
6
Let p = -41 + 51. What is the tens digit of p?
1
Let g = -20 - -22. Let n(q) = 6*q**2 + 2*q - 1. What is the units digit of n